{"id":78,"date":"2017-06-25T13:00:26","date_gmt":"2017-06-25T11:00:26","guid":{"rendered":"http:\/\/chatalors.fr\/?page_id=78"},"modified":"2017-06-26T22:17:17","modified_gmt":"2017-06-26T20:17:17","slug":"presentation","status":"publish","type":"page","link":"https:\/\/chatalors.fr\/index.php\/presentation\/","title":{"rendered":"Pr\u00e9sentation"},"content":{"rendered":"<p>Je m&#8217;appelle Ang\u00e9lique, pendant 26 ans j&#8217;ai travaill\u00e9 dans la grande distribution en tant qu&#8217;h\u00f4tesse de caisse.<\/p>\n<p>En 2015, j&#8217;ai d\u00e9cid\u00e9 de quitter mon emploi pour r\u00e9aliser mon r\u00eave, m&#8217;occuper d&#8217;animaux.<\/p>\n<p>Apr\u00e8s une formation de 8 mois et un stage de 2 mois, j&#8217;ai pass\u00e9 le Certificat de Capacit\u00e9 pour Animaux Domestiques, que j&#8217;ai obtenu.<\/p>\n<p>Maintenant il fallait que je trouve mon petit coin de paradis o\u00f9 je pouvais installer ma pension pour chats. Fin 2016, j&#8217;ai craqu\u00e9 pour une maison ayant des d\u00e9pendances o\u00f9 j&#8217;ai pu faire des travaux pour r\u00e9aliser mon r\u00eave.<\/p>\n<p>Un nouvelle aventure commence pour moi o\u00f9 je vais pouvoir rendre heureux nos compagnons \u00e0 quatre pattes, pendant l&#8217;absence de leurs ma\u00eetres, en leur prodiguant des soins, de l&#8217;amour, de la pr\u00e9sence, des caresses&#8230;<\/p>\n<p>Pour le bien \u00eatre de tous mes pensionnaires, chaque animal doit \u00eatre \u00e0 jour dans ses vaccins et identifi\u00e9.<\/p>\n<p>En cas de probl\u00e8me de sant\u00e9, apr\u00e8s vous avoir pr\u00e9venu, je ferais intervenir mon v\u00e9t\u00e9rinaire qui g\u00e8re les petits bobos de tous les animaux de ma pension. C&#8217;est pourquoi, je vous demande de ne pas oublier le carnet de sant\u00e9 de votre animal.<\/p>\n<p>Vous souhaitez avoir des nouvelles de votre animal pendant son s\u00e9jour? N&#8217;h\u00e9sitez pas \u00e0 me t\u00e9l\u00e9phoner, je serais enchant\u00e9 de vous raconter ses journ\u00e9es.<\/p>\n<p>De plus, je peux vous envoyer, par t\u00e9l\u00e9phone, une petite photo de lui ou d&#8217;elle.<\/p>\n<p>Alors n&#8217;h\u00e9sitez pas \u00e0 me le demander !!!!!<\/p>\n","protected":false},"excerpt":{"rendered":"<p>Je m&#8217;appelle Ang\u00e9lique, pendant 26 ans j&#8217;ai travaill\u00e9 dans la grande distribution en tant qu&#8217;h\u00f4tesse de caisse. En 2015, j&#8217;ai d\u00e9cid\u00e9 de quitter mon emploi pour r\u00e9aliser mon r\u00eave, m&#8217;occuper d&#8217;animaux. Apr\u00e8s une formation de 8 mois et un stage de 2 mois, j&#8217;ai pass\u00e9 le Certificat de Capacit\u00e9 pour &hellip; <\/p>\n","protected":false},"author":1,"featured_media":116,"parent":0,"menu_order":0,"comment_status":"closed","ping_status":"closed","template":"","meta":{"jetpack_post_was_ever_published":false,"footnotes":""},"class_list":["post-78","page","type-page","status-publish","has-post-thumbnail","hentry"],"yoast_head":"<!-- This site is optimized with the Yoast SEO plugin v19.14 - https:\/\/yoast.com\/wordpress\/plugins\/seo\/ -->\n<title>Pr\u00e9sentation - Chat Alors !<\/title>\n<meta name=\"robots\" content=\"index, follow, max-snippet:-1, max-image-preview:large, max-video-preview:-1\" \/>\n<link rel=\"canonical\" href=\"https:\/\/chatalors.fr\/index.php\/presentation\/\" \/>\n<meta property=\"og:locale\" content=\"fr_FR\" \/>\n<meta property=\"og:type\" content=\"article\" \/>\n<meta property=\"og:title\" content=\"Pr\u00e9sentation - Chat Alors !\" \/>\n<meta property=\"og:description\" content=\"Je m&#8217;appelle Ang\u00e9lique, pendant 26 ans j&#8217;ai travaill\u00e9 dans la grande distribution en tant qu&#8217;h\u00f4tesse de caisse. En 2015, j&#8217;ai d\u00e9cid\u00e9 de quitter mon emploi pour r\u00e9aliser mon r\u00eave, m&#8217;occuper d&#8217;animaux. Apr\u00e8s une formation de 8 mois et un stage de 2 mois, j&#8217;ai pass\u00e9 le Certificat de Capacit\u00e9 pour &hellip;\" \/>\n<meta property=\"og:url\" content=\"https:\/\/chatalors.fr\/index.php\/presentation\/\" \/>\n<meta property=\"og:site_name\" content=\"Chat Alors !\" \/>\n<meta property=\"article:modified_time\" content=\"2017-06-26T20:17:17+00:00\" \/>\n<meta property=\"og:image\" content=\"https:\/\/chatalors.fr\/wp-content\/uploads\/2017\/06\/image1-1-e1498508230140.jpg\" \/>\n\t<meta property=\"og:image:width\" content=\"1936\" \/>\n\t<meta property=\"og:image:height\" content=\"835\" \/>\n\t<meta property=\"og:image:type\" content=\"image\/jpeg\" \/>\n<meta name=\"twitter:card\" content=\"summary_large_image\" \/>\n<meta name=\"twitter:label1\" content=\"Dur\u00e9e de lecture estim\u00e9e\" \/>\n\t<meta name=\"twitter:data1\" content=\"1 minute\" \/>\n<script type=\"application\/ld+json\" class=\"yoast-schema-graph\">{\"@context\":\"https:\/\/schema.org\",\"@graph\":[{\"@type\":\"WebPage\",\"@id\":\"https:\/\/chatalors.fr\/index.php\/presentation\/\",\"url\":\"https:\/\/chatalors.fr\/index.php\/presentation\/\",\"name\":\"Pr\u00e9sentation - Chat Alors !\",\"isPartOf\":{\"@id\":\"https:\/\/chatalors.fr\/#website\"},\"datePublished\":\"2017-06-25T11:00:26+00:00\",\"dateModified\":\"2017-06-26T20:17:17+00:00\",\"breadcrumb\":{\"@id\":\"https:\/\/chatalors.fr\/index.php\/presentation\/#breadcrumb\"},\"inLanguage\":\"fr-FR\",\"potentialAction\":[{\"@type\":\"ReadAction\",\"target\":[\"https:\/\/chatalors.fr\/index.php\/presentation\/\"]}]},{\"@type\":\"BreadcrumbList\",\"@id\":\"https:\/\/chatalors.fr\/index.php\/presentation\/#breadcrumb\",\"itemListElement\":[{\"@type\":\"ListItem\",\"position\":1,\"name\":\"Accueil\",\"item\":\"https:\/\/chatalors.fr\/\"},{\"@type\":\"ListItem\",\"position\":2,\"name\":\"Pr\u00e9sentation\"}]},{\"@type\":\"WebSite\",\"@id\":\"https:\/\/chatalors.fr\/#website\",\"url\":\"https:\/\/chatalors.fr\/\",\"name\":\"Chat Alors !\",\"description\":\"Pension f\u00e9line sur la commune de Parennes pr\u00e8s du Mans et Laval\",\"potentialAction\":[{\"@type\":\"SearchAction\",\"target\":{\"@type\":\"EntryPoint\",\"urlTemplate\":\"https:\/\/chatalors.fr\/?s={search_term_string}\"},\"query-input\":\"required name=search_term_string\"}],\"inLanguage\":\"fr-FR\"}]}<\/script>\n<!-- \/ Yoast SEO plugin. -->","yoast_head_json":{"title":"Pr\u00e9sentation - Chat Alors !","robots":{"index":"index","follow":"follow","max-snippet":"max-snippet:-1","max-image-preview":"max-image-preview:large","max-video-preview":"max-video-preview:-1"},"canonical":"https:\/\/chatalors.fr\/index.php\/presentation\/","og_locale":"fr_FR","og_type":"article","og_title":"Pr\u00e9sentation - Chat Alors !","og_description":"Je m&#8217;appelle Ang\u00e9lique, pendant 26 ans j&#8217;ai travaill\u00e9 dans la grande distribution en tant qu&#8217;h\u00f4tesse de caisse. En 2015, j&#8217;ai d\u00e9cid\u00e9 de quitter mon emploi pour r\u00e9aliser mon r\u00eave, m&#8217;occuper d&#8217;animaux. Apr\u00e8s une formation de 8 mois et un stage de 2 mois, j&#8217;ai pass\u00e9 le Certificat de Capacit\u00e9 pour &hellip;","og_url":"https:\/\/chatalors.fr\/index.php\/presentation\/","og_site_name":"Chat Alors !","article_modified_time":"2017-06-26T20:17:17+00:00","og_image":[{"width":1936,"height":835,"url":"https:\/\/chatalors.fr\/wp-content\/uploads\/2017\/06\/image1-1-e1498508230140.jpg","type":"image\/jpeg"}],"twitter_card":"summary_large_image","twitter_misc":{"Dur\u00e9e de lecture estim\u00e9e":"1 minute"},"schema":{"@context":"https:\/\/schema.org","@graph":[{"@type":"WebPage","@id":"https:\/\/chatalors.fr\/index.php\/presentation\/","url":"https:\/\/chatalors.fr\/index.php\/presentation\/","name":"Pr\u00e9sentation - Chat Alors !","isPartOf":{"@id":"https:\/\/chatalors.fr\/#website"},"datePublished":"2017-06-25T11:00:26+00:00","dateModified":"2017-06-26T20:17:17+00:00","breadcrumb":{"@id":"https:\/\/chatalors.fr\/index.php\/presentation\/#breadcrumb"},"inLanguage":"fr-FR","potentialAction":[{"@type":"ReadAction","target":["https:\/\/chatalors.fr\/index.php\/presentation\/"]}]},{"@type":"BreadcrumbList","@id":"https:\/\/chatalors.fr\/index.php\/presentation\/#breadcrumb","itemListElement":[{"@type":"ListItem","position":1,"name":"Accueil","item":"https:\/\/chatalors.fr\/"},{"@type":"ListItem","position":2,"name":"Pr\u00e9sentation"}]},{"@type":"WebSite","@id":"https:\/\/chatalors.fr\/#website","url":"https:\/\/chatalors.fr\/","name":"Chat Alors !","description":"Pension f\u00e9line sur la commune de Parennes pr\u00e8s du Mans et Laval","potentialAction":[{"@type":"SearchAction","target":{"@type":"EntryPoint","urlTemplate":"https:\/\/chatalors.fr\/?s={search_term_string}"},"query-input":"required name=search_term_string"}],"inLanguage":"fr-FR"}]}},"jetpack_sharing_enabled":true,"jetpack_shortlink":"https:\/\/wp.me\/P8S674-1g","jetpack-related-posts":[{"id":90,"url":"https:\/\/chatalors.fr\/index.php\/reglement\/","url_meta":{"origin":78,"position":0},"title":"R\u00e8glement","date":"25 juin 2017","format":false,"excerpt":"Pour que le s\u00e9jour de votre animal se passe au mieux, voici quelques r\u00e8gles concernant ma pension. Votre animal doit \u00eatre identifi\u00e9 et \u00e0 jour dans ses vaccins Je garde le carnet de vaccination et le certificat d'identification pendant tout le s\u00e9jour de votre animal Votre animal doit \u00eatre en\u2026","rel":"","context":"Article similaire","img":{"alt_text":"","src":"https:\/\/i0.wp.com\/chatalors.fr\/wp-content\/uploads\/2017\/06\/image1-e1498386342143.jpg?fit=1200%2C1200&ssl=1&resize=350%2C200","width":350,"height":200},"classes":[]},{"id":80,"url":"https:\/\/chatalors.fr\/index.php\/pension\/","url_meta":{"origin":78,"position":1},"title":"Pension","date":"25 juin 2017","format":false,"excerpt":"J'ai fait transformer une grande d\u00e9pendance afin de pouvoir accueillir au mieux mes pensionnaires. A l'int\u00e9rieur, il y a 6 chambres de 3m\u00b2 chacune, am\u00e9nag\u00e9e de jouets, de griffoirs et d'un endroit o\u00f9 l'animal peut s'isoler. Elles sont toutes \u00e9quip\u00e9es d'une fen\u00eatre donnant sur une petite cour grillag\u00e9e et couverte\u2026","rel":"","context":"Article similaire","img":{"alt_text":"","src":"","width":0,"height":0},"classes":[]},{"id":183,"url":"https:\/\/chatalors.fr\/index.php\/notre-vie-dans-notre-pension\/","url_meta":{"origin":78,"position":2},"title":"NOTRE VIE DANS NOTRE PENSION","date":"17 f\u00e9vrier 2020","format":false,"excerpt":"Nous nous appellons Chepa, Tilly, Anthracite, P\u00e9lagie, Yogi, Maya, Pitchoune, Boule de neige, Plume, Ozaka, Nanou etc\u2026\u2026\u2026et nous allons vous raconter comment se d\u00e9roule notre s\u00e9jour \u00e0 la pension. Notre pension se situe en pleine campagne, il n'y a aucun bruit \u00e0 part celui des oiseaux. La personne qui s'occupe\u2026","rel":"","context":"Article similaire","img":{"alt_text":"","src":"https:\/\/i0.wp.com\/chatalors.fr\/wp-content\/uploads\/2017\/06\/image1-1-e1498508230140.jpg?fit=1200%2C518&ssl=1&resize=350%2C200","width":350,"height":200},"classes":[]},{"id":86,"url":"https:\/\/chatalors.fr\/index.php\/reservation\/","url_meta":{"origin":78,"position":3},"title":"R\u00e9servation","date":"25 juin 2017","format":false,"excerpt":"Pour toutes r\u00e9servations, un acompte de 30% vous sera demand\u00e9, un mail de r\u00e9ception vous sera envoy\u00e9 et confirmera votre r\u00e9servation. Le solde vous sera demand\u00e9 \u00e0 l'arriv\u00e9e de votre animal. Le calcul du s\u00e9jour se fait \u00e0 la nuit\u00e9e. Si l'animal est encore pr\u00e9sent apr\u00e8s 11h le jour du\u2026","rel":"","context":"Article similaire","img":{"alt_text":"","src":"","width":0,"height":0},"classes":[]},{"id":88,"url":"https:\/\/chatalors.fr\/index.php\/tarifs\/","url_meta":{"origin":78,"position":4},"title":"Tarifs","date":"25 juin 2017","format":false,"excerpt":"A partir du 1er Janvier 2025 : - 14 \u20ac par nuit pour 1 chat - 11 \u20ac par nuit \u00e0 partir de 2 chats (de la m\u00eame famille et h\u00e9berg\u00e9s dans la m\u00eame chambre) - suppl\u00e9ment de 0.80 \u20ac si la pension fournie la nourriture Autres animaux (hamster, lapin,\u2026","rel":"","context":"Article similaire","img":{"alt_text":"","src":"","width":0,"height":0},"classes":[]},{"id":40,"url":"https:\/\/chatalors.fr\/","url_meta":{"origin":78,"position":5},"title":"Accueil","date":"25 juin 2017","format":false,"excerpt":"Ma pension se situe sur la commune de Parennes entre Conlie et Sill\u00e9 le Guillaume. Elle est ouverte tous les jours sauf le dimanche. \u00a0 Si vous n'\u00eates pas disponible pendant les heures d'ouverture, n'h\u00e9sitez pas \u00e0 me le dire. Nous pourrons toujours trouver une solution !","rel":"","context":"Article similaire","img":{"alt_text":"","src":"","width":0,"height":0},"classes":[]}],"_links":{"self":[{"href":"https:\/\/chatalors.fr\/index.php\/wp-json\/wp\/v2\/pages\/78","targetHints":{"allow":["GET"]}}],"collection":[{"href":"https:\/\/chatalors.fr\/index.php\/wp-json\/wp\/v2\/pages"}],"about":[{"href":"https:\/\/chatalors.fr\/index.php\/wp-json\/wp\/v2\/types\/page"}],"author":[{"embeddable":true,"href":"https:\/\/chatalors.fr\/index.php\/wp-json\/wp\/v2\/users\/1"}],"replies":[{"embeddable":true,"href":"https:\/\/chatalors.fr\/index.php\/wp-json\/wp\/v2\/comments?post=78"}],"version-history":[{"count":4,"href":"https:\/\/chatalors.fr\/index.php\/wp-json\/wp\/v2\/pages\/78\/revisions"}],"predecessor-version":[{"id":114,"href":"https:\/\/chatalors.fr\/index.php\/wp-json\/wp\/v2\/pages\/78\/revisions\/114"}],"wp:featuredmedia":[{"embeddable":true,"href":"https:\/\/chatalors.fr\/index.php\/wp-json\/wp\/v2\/media\/116"}],"wp:attachment":[{"href":"https:\/\/chatalors.fr\/index.php\/wp-json\/wp\/v2\/media?parent=78"}],"curies":[{"name":"wp","href":"https:\/\/api.w.org\/{rel}","templated":true}]}}